s 502483 a composite number?
True
Is 2198401 composite?
False
Is 104509621 a prime number?
True
Is 4644221 a prime number?
True
Is 85004237 a prime number?
False
Is 473251 prime?
False
Is 33227083 composite?
True
Is 104326037 composite?
False
Is 254261057 prime?
True
Is 2028329 a prime number?
True
Is 3141863 a composite number?
False
Is 9910411 prime?
False
Is 2264427903 prime?
False
Is 755213 composite?
False
Is 1723901 a composite number?
True
Is 734366497 a prime number?
True
Is 18105413 composite?
False
Is 1674503 a prime number?
True
Is 8860429 prime?
True
Is 492201217 a composite number?
True
Is 12394121 prime?
True
Is 256687 a composite number?
False
Is 1540069 prime?
False
Is 1048123 a composite number?
False
Is 91891879 prime?
False
Is 25420229 a prime number?
True
Is 101178379 prime?
False
Is 80083 a composite number?
True
Is 376481 a composite number?
True
Is 14553859 a prime number?
True
Is 11991557 prime?
False
Is 65433847 a prime number?
False
Is 495443489 prime?
False
Is 288581 a composite number?
True
Is 53822693 composite?
False
Is 2228043 a prime number?
False
Is 2183641 composite?
False
Is 15657973 a composite number?
False
Is 27066647 a composite number?
True
Is 6858539 composite?
True
Is 129268379 prime?
False
Is 7987937 composite?
True
Is 25273 a composite number?
True
Is 2542733 prime?
True
Is 18024427 a composite number?
False
Is 47732359 composite?
False
Is 226691 composite?
False
Is 54755353 prime?
True
Is 3855653 prime?
False
Is 357145 prime?
False
Is 48635567 composite?
False
Is 19463253 a composite number?
True
Is 2865823 a composite number?
True
Is 6406003 composite?
True
Is 3495523 composite?
True
Is 84552297 a prime number?
False
Is 2745731 a prime number?
True
Is 9882839 prime?
True
Is 760637 prime?
True
Is 13223699 prime?
True
Is 126059663 prime?
True
Is 3684479 a prime number?
False
Is 106816711 composite?
False
Is 6349481 prime?
True
Is 23931879 a prime number?
False
Is 42112463 composite?
False
Is 316232717 prime?
False
Is 794083 a prime number?
False
Is 15847457 a composite number?
False
Is 146961853 a prime number?
False
Is 114248353 composite?
False
Is 14084663 a composite number?
False
Is 4084657 a composite number?
True
Is 1453469 a composite number?
False
Is 4079123 a composite number?
False
Is 1067669 prime?
True
Is 11162653 prime?
False
Is 33010981 prime?
False
Is 9780403 a prime number?
True
Is 8564939 composite?
False
Is 22806491 a prime number?
False
Is 107903651 a prime number?
False
Is 49638119 a prime number?
True
Is 21036469 composite?
False
Is 933781241 a prime number?
True
Is 951787 prime?
True
Is 179172191 a prime number?
False
Is 924347 prime?
False
Is 643319 prime?
False
Is 53458927 composite?
True
Is 420957611 a composite number?
False
Is 1022429 prime?
True
Is 97696189 a prime number?
False
Is 3986219 a composite number?
True
Is 1953223 prime?
False
Is 257663 a composite number?
True
Is 4329802 prime?
False
Is 58657717 a composite number?
False
Is 4369597 prime?
False
Is 29140313 a composite number?
False
Is 528487961 prime?
True
Is 1026679 prime?
True
Is 32424877 a prime number?
False
Is 19027919 a prime number?
True
Is 65473877 a prime number?
False
Is 758077 prime?
False
Is 72625939 prime?
True
Is 33280879 composite?
True
Is 338209081 a composite number?
True
Is 225829489 a prime number?
False
Is 1872443 a composite number?
True
Is 328091 composite?
True
Is 26021 composite?
False
Is 560366 a composite number?
True
Is 4816183 a prime number?
True
Is 24651953 a composite number?
True
Is 16867282 a composite number?
True
Is 10663069 a composite number?
False
Is 26090359 a prime number?
False
Is 590613859 a prime number?
False
Is 20849317 prime?
True
Is 209596289 composite?
True
Is 407119 composite?
False
Is 1293035 a prime number?
False
Is 663260723 a prime number?
False
Is 436153139 a composite number?
True
Is 742641 prime?
False
Is 185926283 a prime number?
True
Is 250147 a prime number?
True
Is 4308503 prime?
False
Is 32694643 a prime number?
False
Is 134955083 a prime number?
True
Is 2961019 a composite number?
False
Is 481485661 prime?
True
Is 386709223 prime?
False
Is 107549366 prime?
False
Is 4012159 a composite number?
True
Is 259471817 composite?
True
Is 913224893 a composite number?
True
Is 862661 a prime number?
False
Is 3030107 a composite number?
False
Is 1300855 a composite number?
True
Is 17844397 a composite number?
True
Is 3754423 a prime number?
True
Is 174223409 prime?
True
Is 67342279 a prime number?
True
Is 283329377 a composite number?
False
Is 184801703 a prime number?
True
Is 37619039 prime?
True
Is 25515166 a prime number?
False
Is 14336419 a prime number?
False
Is 71567911 a prime number?
False
Is 22393253 prime?
False
Is 92887589 prime?
False
Is 995613 a prime number?
False
Is 43293559 prime?
True
Is 75283367 a prime number?
False
Is 12937091 a prime number?
False
Is 58395355 composite?
True
Is 2812129 a composite number?
False
Is 6301357 composite?
False
Is 7450531 a prime number?
False
Is 40151819 composite?
True
Is 427615 a prime number?
False
Is 48738629 a composite number?
True
Is 542981 composite?
False
Is 10264781 composite?
False
Is 39748651 prime?
False
Is 1678067 a prime number?
True
Is 147707431 composite?
True
Is 20846549 a composite number?
False
Is 7593119 prime?
True
Is 262194817 composite?
False
Is 70981453 composite?
False
Is 679909651 a prime number?
True
Is 231348989 prime?
False
Is 3470993 a prime number?
True
Is 967729 a composite number?
True
Is 4470793 a composite number?
False
Is 2136209 a composite number?
False
Is 153742189 a prime number?
False
Is 2665693 prime?
False
Is 28864114 a composite number?
True
Is 879654982 prime?
False
Is 417373253 a prime number?
False
Is 184993 prime?
True
Is 5741726 prime?
False
Is 241160753 a composite number?
False
Is 584011 a composite number?
False
Is 37785353 prime?
False
Is 1847293 prime?
False
Is 1047053 a composite number?
True
Is 6586519 a prime number?
True
Is 1323001 a composite number?
False
Is 2428211 prime?
False
Is 10286839 a composite number?
False
Is 21620801 a prime number?
True
Is 21762233 a prime number?
True
Is 643173347 a prime number?
True
Is 186714053 composite?
False
Is 2834695 a prime number?
False
Is 23584277 composite?
False
Is 54045083 a prime number?
True
Is 389 composite?
False
Is 63857714 a prime number?
False
Is 12279341 a composite number?
False
Is 139856177 composite?
True
Is 109442219 composite?
False
Is 35925826 prime?
False
Is 1660967917 prime?
False
Is 280537 a composite number?
False
Is 226147699 a prime number?
False
Is 29414051 prime?
True
Is 187339277 composite?
True
Is 160903 composite?
False
Is 151949989 a composite number?
False
Is 10847191 composite?
True
Is 333628447 composite?
True
Is 110962819 prime?
False
Is 16545733 composite?
False
Is 361591 composite?
True
Is 100277 a composite number?
True
Is 1855213 a composite number?
True
Is 223782791 a composite number?
False
Is 10917499 prime?
True
Is 8367913 a composite number?
False
Is 31698661 a prime number?
True
Is 1655161 composite?
True
Is 22204795 a prime number?
False
Is 1209058 prime?
False
Is 19036261 a composite number?
False
Is 5912353 prime?
True
Is 6007835 a composite number?
True
Is 7181237 a prime number?
False
Is 4003549 a composite number?
True
Is 71489371 a composite number?
False
Is 230883203 a prime number?
True
Is 1585561 a prime number?
False
Is 37059037 prime?
True
Is 966979169 composite?
True
Is 1971547 composite?
True
Is 32073793 composite?
False
Is 47333581 composite?
False
Is 3429997 a prime number?
False
Is 680749 composite?
False
Is 30784157 composite?
False
Is 2104013 a prime number?
True
Is 341829434 prime?
False
Is 7392101 prime?
True
Is 272429 a composite number?
True
Is 83777587 composite?
False
Is 255763 a prime number?
True
Is 785293 composite?
False
Is 3460294 a composite number?
True
Is 180794111 a prime number?
True
Is 3456949 composite?
True
Is 5516533 composite?
True
Is 740149 a prime number?
False
Is 56099179 a composite number?
True
Is 38243165 composite?
True
Is 313962655 composite?
True
Is 5739323 composite?
False
Is 33790909 prime?
True
Is 87302923 a composite number?
True
Is 81458782 a prime number?
False
Is 3979831 composite?
True
Is 1259617 composite?
Tr